 by 366.
102
Calculate the remainder when 33200 is divided by 8255.
180
What is the remainder when 11119 is divided by 5502?
115
Calculate the remainder when 2310618 is divided by 130.
128
Calculate the remainder when 310 is divided by 71.
26
Calculate the remainder when 15372 is divided by 72.
36
Calculate the remainder when 61300 is divided by 158.
154
Calculate the remainder when 896282 is divided by 420.
2
What is the remainder when 27732 is divided by 215?
212
What is the remainder when 132352 is divided by 192?
64
What is the remainder when 5252 is divided by 66?
38
Calculate the remainder when 349427 is divided by 349407.
20
Calculate the remainder when 2951453 is divided by 42.
29
What is the remainder when 4052 is divided by 1066?
854
What is the remainder when 57482 is divided by 57481?
1
What is the remainder when 5101 is divided by 1697?
10
What is the remainder when 7850 is divided by 16?
10
What is the remainder when 1322179 is divided by 56?
19
Calculate the remainder when 4848 is divided by 2379.
90
Calculate the remainder when 31877 is divided by 1875.
2
Calculate the remainder when 177374 is divided by 3410.
54
What is the remainder when 48183 is divided by 99?
69
What is the remainder when 9137 is divided by 19?
17
Calculate the remainder when 891879 is divided by 21.
9
Calculate the remainder when 838236 is divided by 620.
616
What is the remainder when 96690 is divided by 1696?
18
What is the remainder when 152742 is divided by 255?
252
Calculate the remainder when 8545 is divided by 244.
5
Calculate the remainder when 115 is divided by 36.
7
Calculate the remainder when 821783 is divided by 9.
2
Calculate the remainder when 13957 is divided by 20.
17
Calculate the remainder when 2618 is divided by 169.
83
What is the remainder when 18127 is divided by 1294?
11
What is the remainder when 11491 is divided by 5739?
13
What is the remainder when 16937 is divided by 3881?
1413
What is the remainder when 3680 is divided by 131?
12
Calculate the remainder when 821130 is divided by 410560.
10
Calculate the remainder when 25477 is divided by 2312.
45
Calculate the remainder when 39144 is divided by 11.
6
What is the remainder when 310723 is divided by 4?
3
Calculate the remainder when 202006 is divided by 67334.
4
What is the remainder when 128288 is divided by 576?
416
Calculate the remainder when 127888 is divided by 83.
68
Calculate the remainder when 12818 is divided by 3198.
26
Calculate the remainder when 50627 is divided by 954.
65
What is the remainder when 8816 is divided by 25?
16
What is the remainder when 82655 is divided by 332?
319
What is the remainder when 5811 is divided by 5403?
408
Calculate the remainder when 27933 is divided by 611.
438
Calculate the remainder when 1180580 is divided by 821.
803
Calculate the remainder when 17514 is divided by 2482.
140
Calculate the remainder when 3932925 is divided by 48.
45
What is the remainder when 15704 is divided by 34?
30
What is the remainder when 92817 is divided by 13?
10
What is the remainder when 17626 is divided by 167?
91
What is the remainder when 8151 is divided by 329?
255
Calculate the remainder when 48716 is divided by 567.
521
Calculate the remainder when 10260 is divided by 2564.
4
Calculate the remainder when 25730 is divided by 12812.
106
Calculate the remainder when 23434 is divided by 7811.
1
What is the remainder when 24037 is divided by 65?
52
What is the remainder when 282 is divided by 166?
116
Calculate the remainder when 8361 is divided by 2714.
219
What is the remainder when 38311 is divided by 98?
91
What is the remainder when 107785 is divided by 15?
10
Calculate the remainder when 4021 is divided by 1306.
103
What is the remainder when 77763 is divided by 7774?
23
Calculate the remainder when 6715 is divided by 242.
181
Calculate the remainder when 108083 is divided by 9820.
63
What is the remainder when 412733 is divided by 1625?
1608
Calculate the remainder when 158170 is divided by 25.
20
Calculate the remainder when 6327 is divided by 396.
387
What is the remainder when 16850 is divided by 3?
2
What is the remainder when 2567 is divided by 139?
65
What is the remainder when 1649081 is divided by 85?
81
What is the remainder when 324 is divided by 84?
72
What is the remainder when 137881 is divided by 22979?
7
What is the remainder when 13668395 is divided by 93?
92
What is the remainder when 302 is divided by 113?
76
Calculate the remainder when 2798 is divided by 706.
680
Calculate the remainder when 141930 is divided by 2217.
42
Calculate the remainder when 3176 is divided by 96.
8
What is the remainder when 5096 is divided by 30?
26
What is the remainder when 12311 is divided by 36?
35
Calculate the remainder when 45218 is divided by 85.
83
Calculate the remainder when 212 is divided by 39.
17
Calculate the remainder when 85592 is divided by 14264.
8
Calculate the remainder when 8179 is divided by 720.
259
Calculate the remainder when 1512 is divided by 740.
32
What is the remainder when 12745 is divided by 3186?
1
What is the remainder when 89080 is divided by 389?
388
What is the remainder when 37501 is divided by 94?
89
What is the remainder when 15875 is divided by 2449?
1181
What is the remainder when 22776 is divided by 691?
664
What is the remainder when 21436 is divided by 3061?
9
Calculate the remainder when 4076 is divided by 175.
51
Calculate the remainder when 383 is divided by 135.
113
What is the remainder when 8114 is divided by 263?
224
What is the remainder when 8625 is divided by 181?
118
What is the remainder when 35059 is divided by 152?
99
What is the remainder when 24235 is divided by 8076?
7
Calculate the remainder when 1856930 is divided by 18.
14
Calculate the remainder when 3725 is divided by 91.
85
What is the remainder when 55965 is divided by 9326?
9
Calculate the remainder when 477038 is divided by 43367.
1
What is the remainder when 19022 is divided by 6226?
344
What is the remainder when 140211 is divided by 20?
11
What is the remainder when 52066 is divided by 105?
91
Calculate the remainder when 481129 is divided by 21.
19
What is the remainder when 2696 is divided by 19?
17
What is the remainder when 1947814 is divided by 936?
934
What is the remainder when 32832 is divided by 55?
52
What is the remainder when 8839 is divided by 345?
214
Calculate the remainder when 1301809 is divided by 670.
669
Calculate the remainder when 443085 is divided by 204.
201
Calculate the remainder when 2117 is divided by 684.
65
Calculate the remainder when 25893 is divided by 250.
143
Calculate the remainder when 22032 is divided by 847.
10
What is the remainder when 15534 is divided by 3834?
198
Calculate the remainder when 1486 is divided by 11.
1
What is the remainder when 17541 is divided by 9?
0
What is the remainder when 24921 is divided by 12452?
17
What is the remainder when 670798 is divided by 3?
1
What is the remainder when 258 is divided by 128?
2
Calculate the remainder when 96967 is divided by 124.
123
What is the remainder when 503815 is divided by 22?
15
Calculate the remainder when 5609207 is divided by 8.
7
Calculate the remainder when 937 is divided by 20.
17
What is the remainder when 22037 is divided by 152?
149
What is the remainder when 23880 is divided by 11935?
10
What is the remainder when 1374 is divided by 16?
14
What is the remainder when 3166343 is divided by 65?
63
Calculate the remainder when 40852 is divided by 8169.
7
Calculate the remainder when 11127 is divided by 696.
687
What is the remainder when 5299 is divided by 118?
107
Calculate the remainder when 142772 is divided by 13.
6
Calculate the remainder when 38126 is divided by 1666.
1474
Calculate the remainder when 22010 is divided by 2743.
66
What is the remainder when 496434 is divided by 401?
397
What is the remainder when 2161 is divided by 6?
1
Calculate the remainder when 11313 is divided by 282.
33
What is the remainder when 351 is divided by 44?
43
What is the remainder when 4763 is divided by 682?
671
Calculate the remainder when 7781 is divided by 40.
21
What is the remainder when 288193 is divided by 523?
20
Calculate the remainder when 6650 is divided by 1102.
38
Calculate the remainder when 1822 is divided by 99